l + 4*o - 31. Calculate d(l).
-145
Let q = 41 + 0. Let r(t) = -t - 21 - 10 + q. Suppose -12 = -z - 5*i + 1, -5*z - 3*i - 23 = 0. Give r(z).
17
Suppose 5*n - 30 = 15*d - 20*d, -2*n + 16 = 3*d. Let j(u) = -35*u + 67*u + d*u**2 - 35*u - 4 + 0*u**3 - u**3. Determine j(3).
-4
Let z(o) = o**2 - 8*o + 8. Let s be z(6). Let w(l) be the first derivative of -l**3/3 - 5*l**2/2 - 2*l - 10909. What is w(s)?
2
Let s(i) = 3*i - 6. Let v = -8 + 8. Suppose 2*z - 4*j = 10 + 8, -2*z - j + 8 = v. Determine s(z).
9
Let o(r) = -r**2 + r - 5. Let x(t) = t + 12. Let d be x(-10). Suppose h = -2*i - 2, 11*h - 8*h = -d*i + 6. Give o(h).
-17
Let r(d) = 2232*d - 1098*d - 1115*d - d**2 - 20. Give r(11).
68
Let o(a) = a + 11. Suppose 15 = -6*q + q, -4*h - 5*q = 7. Suppose 4*i + 33 = 2*u + 9, 2*i = -4*u - h. What is o(i)?
6
Let n(h) = -h**3 - h**2 - 3*h. Let f(k) = -7*k**3 - 3*k**2 - 14*k - 3. Let y(w) = -f(w) + 6*n(w). Let b = 49 - 45. Give y(b).
3
Let s(y) = -y**3 + 5*y**2 + 36*y + 3. Let j(x) = x**3 + 9*x**2 - 4*x - 57. Let n be j(-3). Calculate s(n).
3
Let l(j) = -13*j + 48. Let i(a) = a**3 - 4*a**2 - 14*a + 54. Let h be i(3). What is l(h)?
9
Let z be 1/3*0/9 - -16. Suppose 4*v = -3*d - d - z, -3 = v. Let p(g) = 18*g - 3. Let u(j) = -37*j + 7. Let i(w) = 9*p(w) + 4*u(w). Give i(d).
-13
Let g(c) be the second derivative of -c**4/12 - 3*c**3/2 + 2*c**2 - 35*c. Suppose 3*z - 15 = 2*h + 11, -12 = h - z. Give g(h).
-6
Let d(h) = -11*h**2 + 13*h + 1. Let b(q) = -20*q**2 + 26*q + 2. Let m(j) = -6*b(j) + 11*d(j). Calculate m(-8).
39
Let f(x) be the third derivative of x**6/360 - x**5/20 + x**4/6 - 3*x**3 + 57*x**2. Let z(d) be the first derivative of f(d). Calculate z(6).
4
Let o be 2*(5/(-2) + 2)*-5. Suppose 9 = -2*f - 5*i + 1, o*f = -4*i + 14. Let y(g) = -f*g + 5*g + 5 - 1. Give y(2).
2
Let q = -69 + 103. Suppose 30 = q*x - 29*x. Let m(f) = f**2 - 6*f + 9. What is m(x)?
9
Let a(w) be the second derivative of w**5/20 - 3*w**4/4 - 6*w**3 + 2*w**2 + 139*w. Let s be a(12). Let x(z) = -z**3 + 4*z**2 - 4*z + 5. Give x(s).
-11
Let y(p) = 7*p**2 + 15*p + 67. Let x(k) = 19*k**2 + 46*k + 200. Let w(z) = 4*x(z) - 11*y(z). Let q be w(22). Let t(a) = -a**3 - a**2 - 2*a - 4. Determine t(q).
20
Suppose 4*n - 525*k = -529*k + 116, 5*n - 145 = k. Let z(a) = -a**3 + 29*a**2. Calculate z(n).
0
Suppose 233*y + 883 + 3403 = -1306. Let t(c) = c**3 + 25*c**2 + 21*c - 70. Give t(y).
2
Let v = -4 - -11. Let p(h) = -27*h - 30. Let b(t) = 5*t + 4. Let j(s) = 6*b(s) + p(s). Calculate j(v).
15
Let m = 675 - 657. Let r(c) = -c**2 - 9*c - m + 15*c - 7*c. Calculate r(0).
-18
Let v(j) = 0*j**2 - j + j**3 - 4*j**2 - 3 + 3*j. Suppose 187*h - 192*h = -5*b + 50, 0 = -h - b + 18. Give v(h).
5
Let m(w) be the second derivative of w**5/20 + w**4/6 - 5*w**3/6 - 2*w**2 - w - 101. Give m(-5).
-54
Suppose -4*j - 2*b + 512 = b, -2*j - 3*b = -262. Let w = j - 104. Suppose 3*i - 5 - 11 = 2*q, -w = -3*i - 3*q. Let h(p) = p - 14. Determine h(i).
-8
Suppose -3*k - h = 2 - 13, 3*h = -3*k + 21. Suppose 4*c - 24 = -q, -2*c = -3*c - k*q + 6. Let o(p) = 8*p + 0 - p**2 - 2*p + 2. Determine o(c).
2
Let f(o) = o**2 - 22*o + 50. Let c(d) = 2*d**3 - 10*d**2 + 16*d - 12. Let g be c(4). Calculate f(g).
10
Let o(i) = 25*i + 10. Let h(q) = -41*q - 18. Let b(a) = 3*h(a) + 5*o(a). Let g be 36/(-14)*(0 - 7). Let n = g + -11. Determine b(n).
10
Let s(z) = z - 14. Let v(j) = 4*j. Let m be v(1). Suppose m*n - 13 = 4*w + 15, -n = 3*w - 23. Let c be s(n). Let f(q) = 6*q + 3. Calculate f(c).
-15
Let k(w) = w**3 - 2*w**2 - w - 1. Let f be 23499/(-210) + 7/(-70). Suppose 4*r - 4*y + 452 = 0, -5*r + 3*y - 572 = 5*y. Let q = f - r. What is k(q)?
-3
Let k(a) = 2*a**2 + 5*a + 4. Let v(m) = 7*m**2 + m - 1. Let l be v(2). Suppose 6*w - 148 = -9*w - 643. Let i = l + w. Give k(i).
16
Let m(g) be the first derivative of -g**4/4 + 2*g**3 - 3*g**2/2 + 11*g + 1864. What is m(6)?
-7
Let q(l) = -l**3 - 2*l**2 + 6*l + 6. Suppose 3*h + 2*r - 31 = 0, -4*h + 0*r - r + 43 = 0. Suppose -2*t - 29 = -h. Let w = 5 + t. What is q(w)?
14
Let x(k) be the first derivative of 2*k**3/3 - k**2/2 - 2*k + 4. Suppose 0 = -3*h + 6*h - 9. Suppose -a - 15 + h = 2*r, r = -2*a - 9. Calculate x(a).
8
Let t(v) = -v**3 + 7*v**2 + 6*v - 4. Let b(r) = 33*r - 2633. Let f be b(80). Calculate t(f).
38
Let l(u) = -69*u - 577. Let i be l(-8). Let t(o) = -3*o + 37. What is t(i)?
112
Suppose 36 = -4*t + 4*o, -2*o + 12 = 5*t + 71. Let y(p) = -2*p**2 - 22*p. Let n be y(t). Let h(d) = -d**3 - d**2 - 6. Determine h(n).
-6
Let l = -111 - -247. Suppose 12*k - 64 = -l. Let o(d) = -d**3 - 8*d**2 - 8*d + 2. Give o(k).
-22
Let c(j) = -j**2 + 9*j - 5. Suppose 4*i + 4 = 3*o, -5*i + 707*o = 712*o - 30. Determine c(i).
9
Let k = 4619/3462 + -1/1154. Let j(y) be the first derivative of -k*y**3 + 4*y + 1/4*y**4 - 10 - 3/2*y**2. Give j(4).
-8
Suppose 3*y + 6 = -21. Let o(x) = 44444*x**2 + x - 22227*x**2 + 8 - 22226*x**2 - x**3. Determine o(y).
-1
Let v be (12/6)/(4/18). Let n(m) = -49*m - 1. Let w(z) = 24*z. Let k(d) = n(d) + 2*w(d). Determine k(v).
-10
Suppose -5*a - 5*y = 30, 0 = 3*a + 24*y - 20*y + 23. Let m(c) = 18*c**2 + c + 1. Calculate m(a).
18
Suppose -46*a - 197*a - 243 = 0. Let r(t) = 3*t**3 + 4*t**2 + 2*t - 1. What is r(a)?
-2
Let z = 8489 + -8487. Let v(t) be the first derivative of 5 - 4*t**z - 7*t + 1/3*t**3. Determine v(7).
-14
Let q = 3 - 6. Let h(r) be the second derivative of -5*r**3/6 - r**2/2 + 12*r. Let o(l) = 10*l + 3. Let z(s) = 5*h(s) + 3*o(s). Calculate z(q).
-11
Let f(v) be the first derivative of -1/24*v**4 - 32 + 0*v**3 + 0*v - 11/120*v**6 + 1/30*v**5 - 14*v**2. Let y(r) be the second derivative of f(r). Give y(1).
-10
Let l(d) = -d**2 - 24*d - 70. Let x be (4/48 + (-257)/60)*(-3 + 8). Give l(x).
-7
Let t = 431 - 436. Let m(d) = 3*d - 11. Determine m(t).
-26
Let a(h) be the first derivative of -23*h**2/2 - 435*h - 8496. Calculate a(-19).
2
Let d(i) = 32*i - 9. Let s(j) = -175*j + 45. Let x(p) = -22*d(p) - 4*s(p). Determine x(4).
2
Let y(l) = 13*l - 285. Let w be 3*(3 - (0 + 1) - (-1120)/210). Determine y(w).
1
Let k(r) be the first derivative of r**5/120 + r**4/6 - 19*r**3/3 - 21. Let m(s) be the third derivative of k(s). Let i = -133 - -129. Calculate m(i).
0
Let h(j) = j**3 + 7*j**2 + 4. Let f be h(-7). Suppose -5*r - 4 = -f*r. Let z(d) = 44*d - 11*d - 11*d - 21*d + 5. What is z(r)?
1
Let b be (2 + -1 + (7 - 7))*2. Suppose 0*q = 6*q + b*q. Let s(i) = i**2 - 3*i + 12. Let v(o) = 2*o**2 - 5*o + 23. Let l(f) = -5*s(f) + 3*v(f). What is l(q)?
9
Let j(i) = 0 + 10 + 0*i - 22*i + 15*i. What is j(3)?
-11
Let x(o) be the third derivative of o**5/60 - o**4/8 - 19*o**3/3 - 3471*o**2. Calculate x(7).
-10
Let a(w) = -350*w + 1078*w - 2*w**2 - 352*w - 370*w - 11. Determine a(4).
-19
Let b(x) = x**2 - 13*x + 45. Suppose 5*j - 46 = 4*r, -317*r = -j - 322*r - 14. Determine b(j).
3
Let j(w) = -5*w + 200. Let l(g) = -35*g + 1. Let z(r) = j(r) + l(r). Calculate z(5).
1
Let m(i) = 8*i + 14. Let y(o) = -6 - 3*o + 1 + 0*o. Let q(h) = 6*m(h) + 17*y(h). Suppose 3 = 3*x + 3*t + 6, -t = 5*x + 17. What is q(x)?
11
Let m(u) be the first derivative of -6*u**4 + u**3 - u**2/2 - 2*u + 3573. What is m(-1)?
26
Let x(q) be the third derivative of -8*q**4/3 + 3*q**3/2 - 9078*q**2. Give x(1).
-55
Let n(z) = -2*z**3 + 3*z**2 - 8*z - 36. Let d(j) = -2*j**3 + 2*j**2 - 5*j - 22. Let m(r) = 8*d(r) - 5*n(r). What is m(-2)?
56
Let i(c) = -c**3 + 3*c**2 + c + 3. Let l = 3806 + -3803. Calculate i(l).
6
Let o be ((-8)/10)/(11/55). Let f(s) = -4*s + 8. Let z(d) = 2*d - 3. Let b(a) = -2*f(a) - 5*z(a). Let j(n) = -16*n - 8. Let v(h) = 6*b(h) - j(h). What is v(o)?
-14
Let r(i) = i**3 - 4*i**2 - i + 4. Let g(z) = -z**3 - 32*z**2 - 140*z - 132. Let j be g(-27). Determine r(j).
-8
Let j(v) be the first derivative of v**6/360 - v**4/12 - 5*v**3/3 - v - 21. Let x(o) be the third derivative of j(o). Determine x(3).
7
Suppose 3*o + 5*d - 21 = 0, -3*d = -59 + 50. Let r(y) = -18*y + 13. Calculate r(o).
-23
Let w = 179 - 128. Suppose -6*a = -9*a + w. Let k(v) = 3*v**2 + 7*v + 6. Let u(p) = p**2 + 2*p + 2. Let x(h) = a*u(h) - 6*k(h). Give x(-4).
14
Let h(d) = -d**2 + 45*d - 368. Let x be h(34). Let y(k) = k**3 - 6*k**2 + 2*k + 10. Determine y(x).
22
Let c(g) be the second derivative of g**3/2 - 4*g**2 + 2763*g. What is c(7)?
13
Let n(w) = -13